 a = 9*b. What is the highest common divisor of 85 and b?
17
Let w be 10/(2 - (-552)/(-282)). Suppose -2*k + 5*t + w = 0, 0 = k + 4*t - 6 - 79. What is the highest common divisor of 42 and k?
21
Let n = 1345 + 47. What is the highest common divisor of 192 and n?
48
Suppose 3*c = n + 154, -5*n - 56 = -c - 0*c. Suppose 4*q + c = 5*q. Suppose 38*t = 17*t + 357. What is the highest common divisor of q and t?
17
Suppose -3*t = -3*x - 6141, -9882 = -5*t + 3*x + 349. Calculate the highest common factor of 5 and t.
5
Let q(t) = t**2 - t - 9. Let s be q(7). Suppose s*y + 48 = 34*y. Suppose -j = -2*j + p + 28, -3*p - 20 = -j. What is the highest common factor of j and y?
16
Let b(d) = 40*d**3 - 2*d + 5. Let y be b(-2). Let h = y - -313. Calculate the highest common factor of 70 and h.
2
Let h = -4969 - -5345. What is the highest common divisor of 1363 and h?
47
Let x be (-1 - 28046/(-34)) + 32/272. Calculate the highest common divisor of 8 and x.
8
Let r(h) = 14*h**2 + 16*h + 125. Let o be r(7). What is the highest common factor of o and 71?
71
Suppose -5*i = 4*y - 42, -3 - 75 = -5*y - 2*i. Let r be 237 - 1/((-3)/(-9)). What is the highest common divisor of y and r?
18
Suppose -564*i + 1584 = -520*i. Let v be 16/(-24) + (-274)/(-6). What is the highest common divisor of i and v?
9
Let s = 29 + -25. Let f be (-348)/(-48) - (-2 + s)/8. Suppose 6*h + 38 = f*h. Calculate the highest common factor of h and 114.
38
Let a(g) = 116*g - 73*g - 81*g + 2 + 0. Let j be a(-1). What is the highest common divisor of j and 5?
5
Suppose 0 = h - 2*h + 133. Let v = 19 - 23. Let t = 23 + v. Calculate the greatest common factor of h and t.
19
Let v(y) = -21*y - 16. Let g(p) = -10*p - 8. Let h(b) = -7*g(b) + 3*v(b). Let q be h(0). What is the greatest common factor of 8 and q?
8
Suppose -315*w + 333*w - 702 = 0. Calculate the greatest common factor of 11271 and w.
39
Let h(q) = 58*q + 3527. Let p be h(-16). What is the greatest common divisor of p and 23?
23
Suppose -3 = g - 5. Let b be ((-10)/4)/(2/(-4)). Suppose 4*r + 5 + 3 = 0, b*q + g*r = 396. What is the highest common factor of q and 10?
10
Suppose 221 = 5*z - 114. Let q(c) = 26*c - 217. Let y be q(6). Let v = y + z. Calculate the greatest common divisor of 39 and v.
3
Let k = 78 + -54. Suppose 569 = 3*c - 5*n + k, 2*n + 921 = 5*c. Calculate the highest common divisor of c and 74.
37
Suppose 6*o - 36 = 2*o. Suppose 0 = y + 5*f + 81, 0*y + 345 = -5*y + 5*f. Let j = y - -224. Calculate the greatest common factor of o and j.
9
Suppose 28*r - 2*r - 15808 = 0. What is the greatest common divisor of r and 114?
38
Suppose 0 = 5*m + 40 - 240. Suppose 2*x + 342*o - 344*o = 150, -x - o = -85. What is the highest common factor of x and m?
40
Let h be 29 - (-8 - -4)/(-2). Let f = h - 6. Let p be 630/(-378) - (-52)/6. Calculate the greatest common factor of p and f.
7
Suppose 3*r + 42 = m, r + 60 = -2*r - 5*m. Let j = 591 + -563. Let y = r + j. Calculate the greatest common divisor of 117 and y.
13
Let r = -35 + 39. Suppose -5*o - 6 = 3*y, -y - r = 4*o + 5. Suppose -y*n = -i + 8, 3*i - 4*n - 49 = -20. What is the highest common divisor of i and 33?
11
Suppose 2*t - 156 = 2158*g - 2155*g, 4*t - 4*g = 316. What is the greatest common factor of t and 10665?
27
Let f be 5064/18 + -4*(-5)/(-15). Suppose -94*j - f = -99*j. Calculate the highest common factor of j and 252.
28
Let r be 133 + 1/((-3)/9). Suppose 25*b - 114 = 657 - 146. What is the highest common divisor of r and b?
5
Suppose -2*g = g - 144. Let x be (12/(-16))/((-9)/(-6)) + 2795/86. Calculate the greatest common factor of x and g.
16
Let q be ((-8400)/(-588))/((-2)/(-133)). Calculate the greatest common factor of 125 and q.
25
Suppose -32 = -4*s, -46*v + 5*s + 2885 = -43*v. Calculate the greatest common factor of 750 and v.
75
Let u = -9 - -41. Suppose -12*r + 8 = -11*r. Suppose 5*b = -4*k + 27, -k + 3*b = r*b - 3. What is the greatest common divisor of k and u?
8
Let t = 2293 + 839. Calculate the greatest common divisor of 580 and t.
116
Let g(b) = -b**3 + 53*b**2 + 68*b + 434. Let d be g(54). Calculate the highest common factor of 34 and d.
34
Let u be 7 + (-104)/24 + -3 - (-12052)/3. Calculate the highest common divisor of 13 and u.
13
Let j be 5*36/(-45)*(-1)/1. Let o be 42/j*28/21. What is the greatest common divisor of o and 49?
7
Suppose -78 = 7*x - 15. Let r be x/(-3) + (-7)/(-7)*-2. Let k be (-4)/(-3) + 4/6. Calculate the greatest common divisor of r and k.
1
Let c = 4050 - 3958. What is the highest common factor of c and 644?
92
Suppose -n - n = -5*c + 583, 5*c - 4*n = 581. Suppose 6*p + c = 3*p. Let t = 90 + p. Calculate the greatest common factor of 17 and t.
17
Let m be (11 + -8 - 27)*2*(-3)/(-4). Let c = 0 + -8. Let r be (m/8)/(3/c). Calculate the highest common factor of 12 and r.
12
Let s(h) = 3*h**3 + 3*h + 1. Let z be s(4). Let k = -45 + z. Let u(r) = 2*r + 4. Let g be u(14). Calculate the greatest common factor of g and k.
32
Let r(g) = 16*g**3 - 13*g**2 + 32*g - 16. Let t be r(3). What is the highest common divisor of t and 869?
79
Let i = 62 + -56. Let y(t) = 2*t - 15. Let p be y(i). Let o be (-2 - p) + 33 + -4. What is the greatest common divisor of o and 90?
30
Let d be (24/9)/(180/2565). Calculate the highest common factor of 12407 and d.
19
Let t(r) = -26*r + 4*r + 6*r + 15*r + 13*r. Let n be 0/1 - (-16 - -1). Let u be t(n). Calculate the greatest common divisor of 72 and u.
36
Let z = 115 - 84. Let y = -25 + z. Let l be (-4)/3 - (-584)/y. Calculate the highest common divisor of l and 12.
12
Let a(m) = 7*m**2 - 2. Let z be a(1). Suppose c + 3*o - 78 = -o, -z*c + 2*o = -346. What is the greatest common factor of c and 126?
14
Let o(a) = 9*a**2 + 4*a + 1. Let m be o(-3). Suppose 0 = -2*r + m - 0. Suppose -4*z + r = -5. Calculate the greatest common factor of 10 and z.
10
Let z(c) = 2*c**2 - 2*c + 1. Let q be z(1). Let f be 1/(q/1352*4). Calculate the greatest common divisor of 26 and f.
26
Let z(j) = -j**3 - 5*j**2 + 65*j + 10. Let s be z(-11). Calculate the greatest common factor of s and 18123.
21
Let d(n) = -5*n**2. Let f be d(2). Let y be (-396)/10*f/3. Suppose 0 = 76*k + 65*k - 1110 - 3543. What is the highest common divisor of y and k?
33
Let i(r) = 10*r + 126. Let v be i(-7). What is the greatest common divisor of 756 and v?
28
Suppose 3*n + 186 = 183. Let k be (n - 2/(-10))/((-5)/950). What is the greatest common factor of 19 and k?
19
Let u = 12610 - 9883. Calculate the highest common divisor of u and 27.
27
Suppose -27*f = -3086 - 3718. What is the highest common factor of 234 and f?
18
Let k(p) = p**3 + 18*p**2 + p + 10. Let z be k(-4). What is the greatest common factor of z and 46?
46
Suppose 2*v - 123 = 5*u - 93, -4*v + 86 = 3*u. Calculate the greatest common factor of v and 3980.
20
Let i be 2/(8/358)*(-14 + 252/14). What is the highest common divisor of 28 and i?
2
Let x(y) = 16*y**3 - 623*y**2 - 31*y - 27. Let j be x(39). Calculate the greatest common factor of j and 190.
95
Let k = 40 + -30. Let p be (k/6)/(3/225). Let j be ((-4)/(-3))/(24/900). What is the highest common divisor of p and j?
25
Let g be ((-190)/(-38) - (18 + -1)) + 29010. What is the greatest common factor of 108 and g?
54
Let m(j) = -j**3 - 49*j**2 - 2*j + 64. Let q be m(0). What is the greatest common divisor of 4288 and q?
64
Let k = -149 + 230. Suppose 25*t = 11*t + 17*t - 405. Calculate the greatest common factor of t and k.
27
Suppose 12*u - 880 = 10*u - 2*w, 2*w = 4*u - 1730. Calculate the highest common divisor of u and 105.
15
Suppose -6040*k - 33418 = -6138*k. What is the greatest common factor of k and 1829?
31
Suppose 12*i = 6*i - 204. Let r be 26/13 + i*5/(-2). What is the greatest common divisor of r and 116?
29
Let t(a) = 192*a**2 - 216*a**2 - a**3 + 0*a**3 - 43 - 4*a. Let k be t(-24). Calculate the highest common factor of k and 106.
53
Let b(z) = -z**3 + 22*z**2 + z + 2 + 0*z**3 - 8 + 4*z**3. Let u be b(-7). Calculate the highest common factor of u and 8.
4
Suppose 3*x - 39 = 3*w, -5*w = -4*w + 1. Suppose 43*k - 1052 = 39*k. Let y = k - 155. Calculate the highest common divisor of x and y.
12
Suppose -17 = -29*h + 360. Let i = 21 - 18. Let p(b) = 48*b - 1. Let u be p(i). What is the greatest common factor of h and u?
13
Let g(q) = -6*q + 52. Let